by 186?
44
Calculate the remainder when 791 is divided by 7.
0
Calculate the remainder when 12463 is divided by 271.
268
Calculate the remainder when 7443 is divided by 2480.
3
Calculate the remainder when 46 is divided by 20.
6
Calculate the remainder when 139 is divided by 72.
67
What is the remainder when 220 is divided by 107?
6
Calculate the remainder when 3049 is divided by 61.
60
What is the remainder when 139 is divided by 11?
7
Calculate the remainder when 417 is divided by 25.
17
Calculate the remainder when 1376 is divided by 678.
20
What is the remainder when 137 is divided by 51?
35
What is the remainder when 1491 is divided by 734?
23
Calculate the remainder when 1037 is divided by 8.
5
What is the remainder when 5894 is divided by 44?
42
Calculate the remainder when 120 is divided by 26.
16
Calculate the remainder when 191 is divided by 24.
23
What is the remainder when 110 is divided by 29?
23
What is the remainder when 853 is divided by 42?
13
What is the remainder when 93 is divided by 10?
3
Calculate the remainder when 8795 is divided by 160.
155
What is the remainder when 258 is divided by 87?
84
What is the remainder when 1375 is divided by 78?
49
Calculate the remainder when 816 is divided by 7.
4
What is the remainder when 1120 is divided by 53?
7
Calculate the remainder when 514 is divided by 20.
14
Calculate the remainder when 395 is divided by 182.
31
What is the remainder when 917 is divided by 9?
8
Calculate the remainder when 269 is divided by 27.
26
What is the remainder when 855 is divided by 40?
15
Calculate the remainder when 9930 is divided by 226.
212
What is the remainder when 287 is divided by 36?
35
What is the remainder when 176 is divided by 90?
86
What is the remainder when 721 is divided by 29?
25
Calculate the remainder when 173 is divided by 60.
53
What is the remainder when 460 is divided by 68?
52
What is the remainder when 714 is divided by 698?
16
Calculate the remainder when 7018 is divided by 123.
7
What is the remainder when 370 is divided by 321?
49
What is the remainder when 1762 is divided by 221?
215
Calculate the remainder when 8836 is divided by 1103.
12
What is the remainder when 1901 is divided by 34?
31
Calculate the remainder when 325 is divided by 82.
79
Calculate the remainder when 62 is divided by 23.
16
Calculate the remainder when 290 is divided by 74.
68
Calculate the remainder when 7288 is divided by 5.
3
What is the remainder when 944 is divided by 22?
20
Calculate the remainder when 1131 is divided by 54.
51
Calculate the remainder when 1016 is divided by 64.
56
Calculate the remainder when 2646 is divided by 156.
150
Calculate the remainder when 107 is divided by 57.
50
What is the remainder when 1867 is divided by 34?
31
Calculate the remainder when 95 is divided by 24.
23
Calculate the remainder when 511 is divided by 510.
1
Calculate the remainder when 4516 is divided by 119.
113
Calculate the remainder when 197 is divided by 101.
96
Calculate the remainder when 7198 is divided by 6.
4
Calculate the remainder when 85 is divided by 8.
5
What is the remainder when 10386 is divided by 10?
6
What is the remainder when 106 is divided by 56?
50
What is the remainder when 12 is divided by 9?
3
Calculate the remainder when 1088 is divided by 11.
10
What is the remainder when 122 is divided by 16?
10
Calculate the remainder when 617 is divided by 145.
37
Calculate the remainder when 388 is divided by 28.
24
Calculate the remainder when 853 is divided by 29.
12
What is the remainder when 1500 is divided by 460?
120
Calculate the remainder when 418 is divided by 62.
46
What is the remainder when 305 is divided by 90?
35
Calculate the remainder when 221 is divided by 17.
0
What is the remainder when 1371 is divided by 69?
60
Calculate the remainder when 136797 is divided by 144.
141
Calculate the remainder when 570 is divided by 23.
18
What is the remainder when 135 is divided by 71?
64
What is the remainder when 172 is divided by 58?
56
What is the remainder when 70 is divided by 4?
2
What is the remainder when 341 is divided by 109?
14
Calculate the remainder when 199 is divided by 8.
7
Calculate the remainder when 98 is divided by 20.
18
What is the remainder when 1614 is divided by 803?
8
What is the remainder when 634 is divided by 19?
7
Calculate the remainder when 325 is divided by 47.
43
Calculate the remainder when 298 is divided by 233.
65
Calculate the remainder when 535 is divided by 7.
3
What is the remainder when 299 is divided by 157?
142
Calculate the remainder when 3242 is divided by 56.
50
Calculate the remainder when 115 is divided by 93.
22
What is the remainder when 2245 is divided by 21?
19
Calculate the remainder when 173 is divided by 27.
11
Calculate the remainder when 25 is divided by 13.
12
What is the remainder when 276 is divided by 14?
10
Calculate the remainder when 86 is divided by 28.
2
What is the remainder when 139 is divided by 7?
6
Calculate the remainder when 141 is divided by 21.
15
What is the remainder when 3581 is divided by 1191?
8
What is the remainder when 2030 is divided by 88?
6
What is the remainder when 214 is divided by 27?
25
Calculate the remainder when 56 is divided by 4.
0
What is the remainder when 593 is divided by 5?
3
Calculate the remainder when 502 is divided by 56.
54
Calculate the remainder when 33 is divided by 12.
9
Calculate the remainder when 1213 is divided by 246.
229
Calculate the remainder when 201 is divided by 18.
3
Calculate the remainder when 381 is divided by 32.
29
What is the remainder when 1038 is divided by 65?
63
Calculate the remainder when 431 is divided by 24.
23
What is the remainder when 1010 is divided by 304?
98
Calculate the remainder when 177 is divided by 14.
9
What is the remainder when 116 is divided by 19?
2
Calculate the remainder when 203 is divided by 171.
32
What is the remainder when 668 is divided by 112?
108
What is the remainder when 68 is divided by 3?
2
Calculate the remainder when 234 is divided by 27.
18
What is the remainder when 476 is divided by 150?
26
What is the remainder when 407 is divided by 28?
15
What is the remainder when 751 is divided by 28?
23
What is the remainder when 21 is divided by 17?
4
Calculate the remainder when 11 is divided by 7.
4
What is the remainder when 3713 is divided by 1854?
5
Calculate the remainder when 432 is divided by 120.
72
What is the remainder when 187 is divided by 42?
19
What is the remainder when 343 is divided by 117?
109
Calculate the remainder when 234 is divided by 123.
111
What is the remainder when 879 is divided by 33?
21
What is the remainder when 6221 is divided by 122?
121
What is the remainder when 1705 is divided by 100?
5
Calculate the remainder when 538 is divided by 36.
34
What is the remainder when 615 is divided by 155?
150
Calculate the remainder when 4025 is divided by 168.
161
What is the remainder when 3207 is divided by 107?
104
Calculate the remainder when 332 is divided by 69.
56
Calculate the remainder when 150 is divided by 4.
2
What is the remainder when 29 is divided by 15?
14
Calculate the remainder when 3534 is divided by 27.
24
Calculate the remainder when 9838 is divided by 240.
238
Calculate the remainder when 252 is divided by 3.
0
What is the remainder when 1067 is divided by 327?
86
Calculate the remainder when 191 is divided by 83.
25
What is the remainder when 105 is divided by 9?
6
What is the remainder when 774 is divided by 21?
18
What is the remainder when 9355 is divided by 39?
34
Calculate the remainder when 712 is divided by 233.
13
Calculate the remainder when 11 is divided by 5.
1
What is the remainder when 5774 is divided by 5767?
7
Calculate the remainder when 260 is divided by 12.
8
What is the remainder when 711 is divided by 17?
14
What is the remainder when 801 is divided by 139?
106
Calculate the remainder when 456 is divided by 41.
5
Calculate the remainder when 1170 is divided by 272.
82
Calculate the remainder when 6404 is divided by 61.
60
Calculate the remainder when 632 is divided by 161.
149
What is the remainder when 281 is divided by 36?
29
Calculate the remainder when 136 is divided by 20.
16
What is the remainder when 55 is divided by 32?
23
Calculate the remainder 